n factor of 2 and 4486?
2
What is the highest common divisor of 65 and 616447?
13
What is the greatest common divisor of 38805 and 1365?
195
What is the highest common divisor of 124 and 7745908?
124
What is the greatest common factor of 16 and 28204?
4
What is the highest common factor of 141 and 5969?
47
What is the greatest common divisor of 2014 and 4982?
106
Calculate the highest common factor of 66 and 10661442.
66
What is the highest common divisor of 38025 and 27495?
585
Calculate the greatest common factor of 444633 and 651.
651
Calculate the greatest common divisor of 159577 and 1246.
89
Calculate the greatest common factor of 1361 and 2702946.
1361
Calculate the highest common factor of 64 and 4452.
4
Calculate the highest common factor of 4510 and 2750.
110
Calculate the greatest common divisor of 7566 and 117.
39
Calculate the greatest common factor of 771 and 542784.
771
Calculate the greatest common divisor of 260559 and 57681.
1989
What is the greatest common factor of 7830 and 3877155?
1305
Calculate the highest common divisor of 7 and 97741.
7
Calculate the highest common factor of 1410 and 152430.
30
What is the highest common factor of 8888 and 8536?
88
What is the highest common divisor of 6500 and 1222?
26
What is the highest common factor of 517942 and 2?
2
Calculate the greatest common factor of 1659 and 1669507.
553
What is the highest common factor of 520792 and 56?
8
What is the highest common factor of 1402 and 72904?
1402
What is the greatest common factor of 2640 and 1913120?
880
Calculate the highest common factor of 21594 and 4248.
354
What is the highest common divisor of 1859 and 11429?
11
What is the greatest common factor of 1135 and 1589?
227
What is the highest common divisor of 55 and 114213?
11
Calculate the greatest common factor of 64 and 1136152.
8
Calculate the greatest common factor of 282206 and 17284.
298
What is the highest common factor of 494885 and 1885?
145
What is the highest common factor of 70 and 55258?
14
Calculate the highest common factor of 333 and 93573.
333
Calculate the highest common divisor of 6813 and 36.
9
Calculate the highest common factor of 7857 and 1863.
81
What is the greatest common factor of 341 and 1518814?
341
What is the highest common factor of 47991 and 204?
51
What is the highest common divisor of 495 and 30635?
55
Calculate the highest common factor of 2443475 and 215.
215
What is the greatest common divisor of 396 and 104808?
132
What is the highest common factor of 24 and 357978?
6
Calculate the highest common divisor of 601506 and 12267.
423
What is the highest common divisor of 2533480 and 40?
40
Calculate the highest common divisor of 11744 and 1756.
4
Calculate the greatest common factor of 149927 and 626.
313
What is the greatest common factor of 32663 and 1424?
89
Calculate the greatest common factor of 4304 and 134231.
269
What is the greatest common factor of 181408 and 256?
32
What is the greatest common factor of 60 and 183858?
6
Calculate the highest common divisor of 108 and 6291.
27
Calculate the highest common divisor of 60588 and 1584.
396
Calculate the highest common factor of 163965 and 195.
15
What is the highest common divisor of 300 and 7836?
12
Calculate the greatest common divisor of 178 and 910826.
178
What is the highest common divisor of 9086 and 793786?
826
Calculate the greatest common divisor of 107535 and 9045.
1005
Calculate the highest common divisor of 435 and 2685.
15
Calculate the highest common divisor of 34419 and 47978.
1043
Calculate the highest common divisor of 65764 and 12431.
401
Calculate the greatest common factor of 352750 and 153.
17
What is the greatest common divisor of 5191 and 3451?
29
What is the highest common divisor of 2292760 and 62?
62
Calculate the highest common factor of 3920 and 1760.
80
What is the greatest common factor of 238 and 2086?
14
What is the highest common divisor of 2533454 and 154?
154
What is the highest common factor of 816 and 70924?
68
Calculate the greatest common factor of 39081 and 350.
7
What is the highest common divisor of 18473 and 2821?
91
What is the greatest common factor of 810693 and 13?
13
Calculate the highest common factor of 18171 and 9.
9
What is the greatest common divisor of 30085 and 10?
5
What is the highest common divisor of 1812192 and 16?
16
What is the greatest common factor of 106145 and 26?
13
Calculate the greatest common factor of 1440 and 23840.
160
Calculate the highest common divisor of 6099 and 589.
19
Calculate the highest common divisor of 870 and 2987.
29
What is the highest common divisor of 138941 and 781?
11
Calculate the greatest common factor of 13583 and 289.
289
What is the highest common factor of 83 and 18592?
83
What is the greatest common factor of 300600 and 14696?
1336
Calculate the highest common divisor of 701525 and 275.
275
What is the highest common factor of 29568 and 363?
33
What is the highest common factor of 8923684 and 4312?
2156
Calculate the greatest common factor of 2581 and 87.
29
Calculate the highest common factor of 520 and 50570.
130
Calculate the greatest common factor of 12170918 and 254.
254
Calculate the greatest common factor of 1224 and 219504.
408
What is the highest common divisor of 109816 and 592?
296
What is the greatest common divisor of 92196 and 273?
39
What is the greatest common factor of 22 and 151679?
11
What is the greatest common divisor of 17617 and 1817?
79
Calculate the greatest common divisor of 6 and 9518.
2
What is the highest common divisor of 1651 and 143?
13
What is the greatest common divisor of 1020 and 3703960?
340
Calculate the greatest common factor of 123246 and 12.
6
What is the highest common factor of 55 and 799117?
11
Calculate the greatest common factor of 239 and 2449033.
239
What is the greatest common factor of 66 and 21201774?
66
Calculate the highest common divisor of 78816 and 1536.
96
What is the greatest common factor of 46290 and 30?
30
What is the greatest common factor of 16578 and 2484?
54
Calculate the highest common factor of 216 and 1116108.
36
Calculate the greatest common factor of 79040 and 780.
260
Calculate the greatest common divisor of 50 and 146930.
10
What is the greatest common divisor of 280 and 249445?
35
What is the greatest common factor of 46787 and 472?
59
Calculate the highest common factor of 253052 and 1312.
164
Calculate the highest common divisor of 77790 and 150.
30
Calculate the highest common factor of 1179 and 1008.
9
What is the highest common divisor of 3283 and 1029?
49
Calculate the highest common divisor of 116033 and 9424.
589
Calculate the highest common divisor of 7222 and 230.
46
Calculate the greatest common factor of 6702 and 2760.
6
Calculate the greatest common divisor of 90 and 334710.
90
Calculate the greatest common factor of 23 and 112999.
23
Calculate the highest common divisor of 387 and 2547.
9
Calculate the highest common divisor of 50752 and 712.
8
Calculate the highest common factor of 370 and 2329076.
74
What is the greatest common factor of 633986 and 106?
106
What is the highest common divisor of 8 and 1673552?
8
Calculate the highest common divisor of 278 and 62689.
139
What is the highest common divisor of 1039593 and 2727?
303
What is the greatest common divisor of 8959 and 2312?
289
What is the highest common divisor of 4310 and 218948?
862
What is the greatest common factor of 4460958 and 846?
846
What is the greatest common factor of 17100 and 1350?
450
What is the greatest common divisor of 1281603 and 996?
249
What is the highest common divisor of 9741 and 20247?
51
Calculate the greatest common divisor of 10329 and 176.
11
Calculate the highest common factor of 176 and 775456.
176
What is the highest common factor of 322762 and 748?
374
Calculate the highest common factor of 3948 and 3465028.
1316
What is the greatest common divisor of 121 and 21901?
121
Calculate the highest common factor of 5 and 7430.
5
Calculate the highest common factor of 82688 and 2720.
544
Calculate the highest common factor of 176 and 159093.
11
Calculate the greatest common divisor of 11724 and 6624.
12
What is the highest common factor of 473 and 272147?
43
What is the highest common divisor of 2115 and 16245?
45
What is t